{"id":118,"date":"2025-05-18T18:33:58","date_gmt":"2025-05-18T21:33:58","guid":{"rendered":"https:\/\/marsala.com.br\/?page_id=118"},"modified":"2025-06-01T17:18:53","modified_gmt":"2025-06-01T20:18:53","slug":"sobre","status":"publish","type":"page","link":"https:\/\/marsala.com.br\/index.php\/inicio\/sobre\/","title":{"rendered":"Sobre"},"content":{"rendered":"\t\t<div data-elementor-type=\"wp-page\" data-elementor-id=\"118\" class=\"elementor elementor-118\" data-elementor-post-type=\"page\">\n\t\t\t\t<div class=\"elementor-element elementor-element-b356519 e-flex e-con-boxed e-con e-parent\" data-id=\"b356519\" data-element_type=\"container\">\n\t\t\t\t\t<div class=\"e-con-inner\">\n\t\t<div class=\"elementor-element elementor-element-28a7d86 e-con-full e-flex e-con e-child\" data-id=\"28a7d86\" data-element_type=\"container\">\n\t\t<div class=\"elementor-element elementor-element-1ac0f15 e-con-full e-flex e-con e-child\" data-id=\"1ac0f15\" data-element_type=\"container\">\n\t\t\t\t<div class=\"elementor-element elementor-element-0cb7f6f elementor-icon-list--layout-inline elementor-tablet-align-left elementor-list-item-link-full_width elementor-widget elementor-widget-icon-list\" data-id=\"0cb7f6f\" data-element_type=\"widget\" data-widget_type=\"icon-list.default\">\n\t\t\t\t<div class=\"elementor-widget-container\">\n\t\t\t\t\t\t\t<ul class=\"elementor-icon-list-items elementor-inline-items\">\n\t\t\t\t\t\t\t<li class=\"elementor-icon-list-item elementor-inline-item\">\n\t\t\t\t\t\t\t\t\t\t\t<a href=\"https:\/\/marsala.com.br\/\">\n\n\t\t\t\t\t\t\t\t\t\t\t<span class=\"elementor-icon-list-text\">In\u00edcio<\/span>\n\t\t\t\t\t\t\t\t\t\t\t<\/a>\n\t\t\t\t\t\t\t\t\t<\/li>\n\t\t\t\t\t\t\t\t<li class=\"elementor-icon-list-item elementor-inline-item\">\n\t\t\t\t\t\t\t\t\t\t\t<a href=\"https:\/\/marsala.com.br\/index.php\/inicio\/sobre\/\">\n\n\t\t\t\t\t\t\t\t\t\t\t<span class=\"elementor-icon-list-text\">Sobre<\/span>\n\t\t\t\t\t\t\t\t\t\t\t<\/a>\n\t\t\t\t\t\t\t\t\t<\/li>\n\t\t\t\t\t\t\t\t<li class=\"elementor-icon-list-item elementor-inline-item\">\n\t\t\t\t\t\t\t\t\t\t\t<a href=\"https:\/\/marsala.com.br\/index.php\/inicio\/produtos\/\">\n\n\t\t\t\t\t\t\t\t\t\t\t<span class=\"elementor-icon-list-text\">Produtos<\/span>\n\t\t\t\t\t\t\t\t\t\t\t<\/a>\n\t\t\t\t\t\t\t\t\t<\/li>\n\t\t\t\t\t\t\t\t<li class=\"elementor-icon-list-item elementor-inline-item\">\n\t\t\t\t\t\t\t\t\t\t\t<a href=\"https:\/\/marsala.com.br\/index.php\/inicio\/contato\/\">\n\n\t\t\t\t\t\t\t\t\t\t\t<span class=\"elementor-icon-list-text\">Contato<\/span>\n\t\t\t\t\t\t\t\t\t\t\t<\/a>\n\t\t\t\t\t\t\t\t\t<\/li>\n\t\t\t\t\t\t\t\t<li class=\"elementor-icon-list-item elementor-inline-item\">\n\t\t\t\t\t\t\t\t\t\t\t<a href=\"https:\/\/marsala.com.br\/index.php\/inicio\/relatorio-de-transparencia-e-igualdade\/\">\n\n\t\t\t\t\t\t\t\t\t\t\t<span class=\"elementor-icon-list-text\">Transpar\u00eancia<\/span>\n\t\t\t\t\t\t\t\t\t\t\t<\/a>\n\t\t\t\t\t\t\t\t\t<\/li>\n\t\t\t\t\t\t<\/ul>\n\t\t\t\t\t\t<\/div>\n\t\t\t\t<\/div>\n\t\t\t\t<\/div>\n\t\t\t\t<\/div>\n\t\t<div class=\"elementor-element elementor-element-661e04e e-con-full e-flex e-con e-child\" data-id=\"661e04e\" data-element_type=\"container\">\n\t\t\t\t<div class=\"elementor-element elementor-element-4a5df62 elementor-widget elementor-widget-image\" data-id=\"4a5df62\" data-element_type=\"widget\" data-widget_type=\"image.default\">\n\t\t\t\t<div class=\"elementor-widget-container\">\n\t\t\t\t\t\t\t\t\t\t\t\t\t\t\t\t<a href=\"https:\/\/marsala.com.br\/\">\n\t\t\t\t\t\t\t<img decoding=\"async\" width=\"235\" height=\"124\" src=\"https:\/\/marsala.com.br\/wp-content\/uploads\/2025\/05\/Marsala-Fundo-Claro-1.png\" class=\"attachment-medium size-medium wp-image-28\" alt=\"\" \/>\t\t\t\t\t\t\t\t<\/a>\n\t\t\t\t\t\t\t\t\t\t\t\t\t\t\t<\/div>\n\t\t\t\t<\/div>\n\t\t\t\t<\/div>\n\t\t<div class=\"elementor-element elementor-element-653dae9 e-con-full e-flex e-con e-child\" data-id=\"653dae9\" data-element_type=\"container\">\n\t\t\t\t<div class=\"elementor-element elementor-element-55cb54f elementor-widget elementor-widget-button\" data-id=\"55cb54f\" data-element_type=\"widget\" data-widget_type=\"button.default\">\n\t\t\t\t<div class=\"elementor-widget-container\">\n\t\t\t\t\t\t\t\t\t<div class=\"elementor-button-wrapper\">\n\t\t\t\t\t<a class=\"elementor-button elementor-button-link elementor-size-sm\" href=\"https:\/\/marsala.com.br\/index.php\/inicio\/sobre\/\">\n\t\t\t\t\t\t<span class=\"elementor-button-content-wrapper\">\n\t\t\t\t\t\t\t\t\t<span class=\"elementor-button-text\">PT<\/span>\n\t\t\t\t\t<\/span>\n\t\t\t\t\t<\/a>\n\t\t\t\t<\/div>\n\t\t\t\t\t\t\t\t<\/div>\n\t\t\t\t<\/div>\n\t\t\t\t<div class=\"elementor-element elementor-element-8bb39b7 elementor-widget elementor-widget-button\" data-id=\"8bb39b7\" data-element_type=\"widget\" data-widget_type=\"button.default\">\n\t\t\t\t<div class=\"elementor-widget-container\">\n\t\t\t\t\t\t\t\t\t<div class=\"elementor-button-wrapper\">\n\t\t\t\t\t<a class=\"elementor-button elementor-button-link elementor-size-sm\" href=\"https:\/\/marsala.com.br\/index.php\/home\/about-us\/\">\n\t\t\t\t\t\t<span class=\"elementor-button-content-wrapper\">\n\t\t\t\t\t\t\t\t\t<span class=\"elementor-button-text\">EN<\/span>\n\t\t\t\t\t<\/span>\n\t\t\t\t\t<\/a>\n\t\t\t\t<\/div>\n\t\t\t\t\t\t\t\t<\/div>\n\t\t\t\t<\/div>\n\t\t\t\t<\/div>\n\t\t\t\t\t<\/div>\n\t\t\t\t<\/div>\n\t\t<div class=\"elementor-element elementor-element-d7b98c7 e-con-full e-flex e-con e-parent\" data-id=\"d7b98c7\" data-element_type=\"container\">\n\t\t\t\t<div class=\"elementor-element elementor-element-9765ec1 elementor-widget elementor-widget-image\" data-id=\"9765ec1\" data-element_type=\"widget\" data-widget_type=\"image.default\">\n\t\t\t\t<div class=\"elementor-widget-container\">\n\t\t\t\t\t\t\t\t\t\t\t\t\t\t\t<img fetchpriority=\"high\" decoding=\"async\" width=\"1680\" height=\"404\" src=\"https:\/\/marsala.com.br\/wp-content\/uploads\/2025\/05\/Group-37.png\" class=\"attachment-full size-full wp-image-126\" alt=\"\" srcset=\"https:\/\/marsala.com.br\/wp-content\/uploads\/2025\/05\/Group-37.png 1680w, https:\/\/marsala.com.br\/wp-content\/uploads\/2025\/05\/Group-37-300x72.png 300w, https:\/\/marsala.com.br\/wp-content\/uploads\/2025\/05\/Group-37-1024x246.png 1024w, https:\/\/marsala.com.br\/wp-content\/uploads\/2025\/05\/Group-37-768x185.png 768w, https:\/\/marsala.com.br\/wp-content\/uploads\/2025\/05\/Group-37-1536x369.png 1536w\" sizes=\"(max-width: 1680px) 100vw, 1680px\" \/>\t\t\t\t\t\t\t\t\t\t\t\t\t\t\t<\/div>\n\t\t\t\t<\/div>\n\t\t\t\t<\/div>\n\t\t<div class=\"elementor-element elementor-element-8e63fd9 e-flex e-con-boxed e-con e-parent\" data-id=\"8e63fd9\" data-element_type=\"container\">\n\t\t\t\t\t<div class=\"e-con-inner\">\n\t\t\t\t<div class=\"elementor-element elementor-element-3b8e614 elementor-widget elementor-widget-heading\" data-id=\"3b8e614\" data-element_type=\"widget\" data-widget_type=\"heading.default\">\n\t\t\t\t<div class=\"elementor-widget-container\">\n\t\t\t\t\t<h2 class=\"elementor-heading-title elementor-size-default\"><b>O Sabor<\/b> de Cada Dia<\/h2>\t\t\t\t<\/div>\n\t\t\t\t<\/div>\n\t\t\t\t<div class=\"elementor-element elementor-element-49883f9 elementor-widget elementor-widget-text-editor\" data-id=\"49883f9\" data-element_type=\"widget\" data-widget_type=\"text-editor.default\">\n\t\t\t\t<div class=\"elementor-widget-container\">\n\t\t\t\t\t\t\t\t\t<p><b>A Marsala iniciou suas atividades em 10 de julho de 1997, no munic\u00edpio de Cachoeirinha, no estado do Rio Grande do Sul. Anos depois, a empresa<\/b> <b>transferiu sua sede para Gravata\u00ed, onde encontra-se situada atualmente. H\u00e1 20 anos, atua no seguimento aliment\u00edcio, produzindo variadas linhas de produtos.<\/b><\/p><p>A empresa possui, por exemplo, linhas de massas frescas tipo talharim, espaguete, fettuccine. Produz, tamb\u00e9m, massas para pastel, para lasanha, al\u00e9m das massas para pizza pr\u00e9-prontas. Na sua linha mais recente e moderna, a empresa produz p\u00e3es recheados, disponibilizando no mercado o P\u00e3o de Alho Marsala, nos sabores tradicional e picante.<\/p><p>Atualmente, a empresa atende integralmente o estado do Rio Grande do Sul, alcan\u00e7ando os setores varejistas e atacadistas, al\u00e9m de restaurantes, padarias e afins.\u00a0<\/p>\t\t\t\t\t\t\t\t<\/div>\n\t\t\t\t<\/div>\n\t\t\t\t\t<\/div>\n\t\t\t\t<\/div>\n\t\t<div class=\"elementor-element elementor-element-325a12f e-flex e-con-boxed e-con e-parent\" data-id=\"325a12f\" data-element_type=\"container\" data-settings=\"{&quot;background_background&quot;:&quot;classic&quot;}\">\n\t\t\t\t\t<div class=\"e-con-inner\">\n\t\t\t\t<div class=\"elementor-element elementor-element-08173ed elementor-widget__width-initial elementor-widget elementor-widget-video\" data-id=\"08173ed\" data-element_type=\"widget\" data-settings=\"{&quot;youtube_url&quot;:&quot;https:\\\/\\\/www.youtube.com\\\/watch?v=smzEHk3YSsk&amp;ab_channel=MarsalaAlimentos&quot;,&quot;autoplay&quot;:&quot;yes&quot;,&quot;play_on_mobile&quot;:&quot;yes&quot;,&quot;video_type&quot;:&quot;youtube&quot;,&quot;controls&quot;:&quot;yes&quot;}\" data-widget_type=\"video.default\">\n\t\t\t\t<div class=\"elementor-widget-container\">\n\t\t\t\t\t\t\t<div class=\"elementor-wrapper elementor-open-inline\">\n\t\t\t<div class=\"elementor-video\"><\/div>\t\t<\/div>\n\t\t\t\t\t\t<\/div>\n\t\t\t\t<\/div>\n\t\t\t\t\t<\/div>\n\t\t\t\t<\/div>\n\t\t<div class=\"elementor-element elementor-element-b03402e e-flex e-con-boxed e-con e-parent\" data-id=\"b03402e\" data-element_type=\"container\">\n\t\t\t\t\t<div class=\"e-con-inner\">\n\t\t<div class=\"elementor-element elementor-element-e7246bd e-con-full e-flex e-con e-child\" data-id=\"e7246bd\" data-element_type=\"container\">\n\t\t\t\t<div class=\"elementor-element elementor-element-4fdd0c3 elementor-icon-list--layout-inline elementor-align-left elementor-list-item-link-full_width elementor-widget elementor-widget-icon-list\" data-id=\"4fdd0c3\" data-element_type=\"widget\" data-widget_type=\"icon-list.default\">\n\t\t\t\t<div class=\"elementor-widget-container\">\n\t\t\t\t\t\t\t<ul class=\"elementor-icon-list-items elementor-inline-items\">\n\t\t\t\t\t\t\t<li class=\"elementor-icon-list-item elementor-inline-item\">\n\t\t\t\t\t\t\t\t\t\t\t<span class=\"elementor-icon-list-icon\">\n\t\t\t\t\t\t\t<svg aria-hidden=\"true\" class=\"e-font-icon-svg e-fas-project-diagram\" viewBox=\"0 0 640 512\" xmlns=\"http:\/\/www.w3.org\/2000\/svg\"><path d=\"M384 320H256c-17.67 0-32 14.33-32 32v128c0 17.67 14.33 32 32 32h128c17.67 0 32-14.33 32-32V352c0-17.67-14.33-32-32-32zM192 32c0-17.67-14.33-32-32-32H32C14.33 0 0 14.33 0 32v128c0 17.67 14.33 32 32 32h95.72l73.16 128.04C211.98 300.98 232.4 288 256 288h.28L192 175.51V128h224V64H192V32zM608 0H480c-17.67 0-32 14.33-32 32v128c0 17.67 14.33 32 32 32h128c17.67 0 32-14.33 32-32V32c0-17.67-14.33-32-32-32z\"><\/path><\/svg>\t\t\t\t\t\t<\/span>\n\t\t\t\t\t\t\t\t\t\t<span class=\"elementor-icon-list-text\">Tecnologia<\/span>\n\t\t\t\t\t\t\t\t\t<\/li>\n\t\t\t\t\t\t<\/ul>\n\t\t\t\t\t\t<\/div>\n\t\t\t\t<\/div>\n\t\t\t\t<div class=\"elementor-element elementor-element-0568e82 elementor-widget elementor-widget-text-editor\" data-id=\"0568e82\" data-element_type=\"widget\" data-widget_type=\"text-editor.default\">\n\t\t\t\t<div class=\"elementor-widget-container\">\n\t\t\t\t\t\t\t\t\t<p>O sistema de produ\u00e7\u00e3o da empresa \u00e9 altamente tecnol\u00f3gico. Com processos produtivos eficientes e inteligentes, \u00e9 poss\u00edvel desenvolver uma fabrica\u00e7\u00e3o \u00e1gil e padronizada. Ademais, os setores de produ\u00e7\u00e3o da empresa s\u00e3o climatizados, criando-se um ambiente adequado para o trabalho dos colaboradores e prop\u00edcio o manuseio de produtos aliment\u00edcios perec\u00edveis.<\/p>\t\t\t\t\t\t\t\t<\/div>\n\t\t\t\t<\/div>\n\t\t\t\t<\/div>\n\t\t<div class=\"elementor-element elementor-element-1a6fb34 e-con-full e-flex e-con e-child\" data-id=\"1a6fb34\" data-element_type=\"container\">\n\t\t\t\t<div class=\"elementor-element elementor-element-3c27166 elementor-widget elementor-widget-image\" data-id=\"3c27166\" data-element_type=\"widget\" data-widget_type=\"image.default\">\n\t\t\t\t<div class=\"elementor-widget-container\">\n\t\t\t\t\t\t\t\t\t\t\t\t\t\t\t<img decoding=\"async\" width=\"755\" height=\"441\" src=\"https:\/\/marsala.com.br\/wp-content\/uploads\/2025\/05\/image-15.png\" class=\"attachment-full size-full wp-image-144\" alt=\"\" srcset=\"https:\/\/marsala.com.br\/wp-content\/uploads\/2025\/05\/image-15.png 755w, https:\/\/marsala.com.br\/wp-content\/uploads\/2025\/05\/image-15-300x175.png 300w\" sizes=\"(max-width: 755px) 100vw, 755px\" \/>\t\t\t\t\t\t\t\t\t\t\t\t\t\t\t<\/div>\n\t\t\t\t<\/div>\n\t\t\t\t<\/div>\n\t\t\t\t\t<\/div>\n\t\t\t\t<\/div>\n\t\t<div class=\"elementor-element elementor-element-c677def e-flex e-con-boxed e-con e-parent\" data-id=\"c677def\" data-element_type=\"container\">\n\t\t\t\t\t<div class=\"e-con-inner\">\n\t\t<div class=\"elementor-element elementor-element-dfee7f7 e-con-full e-flex e-con e-child\" data-id=\"dfee7f7\" data-element_type=\"container\">\n\t\t\t\t<div class=\"elementor-element elementor-element-f93a11a elementor-widget elementor-widget-image\" data-id=\"f93a11a\" data-element_type=\"widget\" data-widget_type=\"image.default\">\n\t\t\t\t<div class=\"elementor-widget-container\">\n\t\t\t\t\t\t\t\t\t\t\t\t\t\t\t<img loading=\"lazy\" decoding=\"async\" width=\"674\" height=\"443\" src=\"https:\/\/marsala.com.br\/wp-content\/uploads\/2025\/05\/pizza-4-1.png\" class=\"attachment-large size-large wp-image-145\" alt=\"\" srcset=\"https:\/\/marsala.com.br\/wp-content\/uploads\/2025\/05\/pizza-4-1.png 674w, https:\/\/marsala.com.br\/wp-content\/uploads\/2025\/05\/pizza-4-1-300x197.png 300w\" sizes=\"(max-width: 674px) 100vw, 674px\" \/>\t\t\t\t\t\t\t\t\t\t\t\t\t\t\t<\/div>\n\t\t\t\t<\/div>\n\t\t\t\t<\/div>\n\t\t<div class=\"elementor-element elementor-element-459adcb e-con-full e-flex e-con e-child\" data-id=\"459adcb\" data-element_type=\"container\">\n\t\t\t\t<div class=\"elementor-element elementor-element-d554713 elementor-icon-list--layout-inline elementor-align-left elementor-list-item-link-full_width elementor-widget elementor-widget-icon-list\" data-id=\"d554713\" data-element_type=\"widget\" data-widget_type=\"icon-list.default\">\n\t\t\t\t<div class=\"elementor-widget-container\">\n\t\t\t\t\t\t\t<ul class=\"elementor-icon-list-items elementor-inline-items\">\n\t\t\t\t\t\t\t<li class=\"elementor-icon-list-item elementor-inline-item\">\n\t\t\t\t\t\t\t\t\t\t\t<span class=\"elementor-icon-list-icon\">\n\t\t\t\t\t\t\t<svg aria-hidden=\"true\" class=\"e-font-icon-svg e-fas-check-circle\" viewBox=\"0 0 512 512\" xmlns=\"http:\/\/www.w3.org\/2000\/svg\"><path d=\"M504 256c0 136.967-111.033 248-248 248S8 392.967 8 256 119.033 8 256 8s248 111.033 248 248zM227.314 387.314l184-184c6.248-6.248 6.248-16.379 0-22.627l-22.627-22.627c-6.248-6.249-16.379-6.249-22.628 0L216 308.118l-70.059-70.059c-6.248-6.248-16.379-6.248-22.628 0l-22.627 22.627c-6.248 6.248-6.248 16.379 0 22.627l104 104c6.249 6.249 16.379 6.249 22.628.001z\"><\/path><\/svg>\t\t\t\t\t\t<\/span>\n\t\t\t\t\t\t\t\t\t\t<span class=\"elementor-icon-list-text\">Controle de Qualidade<\/span>\n\t\t\t\t\t\t\t\t\t<\/li>\n\t\t\t\t\t\t<\/ul>\n\t\t\t\t\t\t<\/div>\n\t\t\t\t<\/div>\n\t\t\t\t<div class=\"elementor-element elementor-element-d32c45b elementor-widget elementor-widget-text-editor\" data-id=\"d32c45b\" data-element_type=\"widget\" data-widget_type=\"text-editor.default\">\n\t\t\t\t<div class=\"elementor-widget-container\">\n\t\t\t\t\t\t\t\t\t<p>A empresa tem como compromisso garantir o fornecimento de alimentos seguros e com padr\u00e3o de qualidade elevado. Para que isto ocorra, fornecemos aos nossos colaboradores diversos treinamentos, como, Boas Pr\u00e1ticas de Fabrica\u00e7\u00e3o (BPF), que asseguram as condi\u00e7\u00f5es de qualidade higi\u00eanico sanit\u00e1rias dos produtos; e Procedimentos Operacionais Padr\u00e3o (POP\u2019S), que garantem a padroniza\u00e7\u00e3o dos produtos, desde a obten\u00e7\u00e3o da mat\u00e9ria-prima com ingredientes altamente selecionados at\u00e9 a distribui\u00e7\u00e3o aos nossos clientes.<br \/><br \/>Possu\u00edmos uma m\u00e3o de obra qualificada e especializada, amplamente capacitada para o desenvolvimento das necess\u00e1rias fun\u00e7\u00f5es. Com isso, a empresa mant\u00e9m rigorosamente o mesmo padr\u00e3o de qualidade em todos os produtos, caracter\u00edstica que representa um dos compromissos da marca.<\/p>\t\t\t\t\t\t\t\t<\/div>\n\t\t\t\t<\/div>\n\t\t\t\t<\/div>\n\t\t\t\t\t<\/div>\n\t\t\t\t<\/div>\n\t\t<div class=\"elementor-element elementor-element-78e958b e-flex e-con-boxed e-con e-parent\" data-id=\"78e958b\" data-element_type=\"container\">\n\t\t\t\t\t<div class=\"e-con-inner\">\n\t\t<div class=\"elementor-element elementor-element-9be39f0 e-con-full e-flex e-con e-child\" data-id=\"9be39f0\" data-element_type=\"container\">\n\t\t\t\t<div class=\"elementor-element elementor-element-7828ec4 elementor-icon-list--layout-inline elementor-align-left elementor-list-item-link-full_width elementor-widget elementor-widget-icon-list\" data-id=\"7828ec4\" data-element_type=\"widget\" data-widget_type=\"icon-list.default\">\n\t\t\t\t<div class=\"elementor-widget-container\">\n\t\t\t\t\t\t\t<ul class=\"elementor-icon-list-items elementor-inline-items\">\n\t\t\t\t\t\t\t<li class=\"elementor-icon-list-item elementor-inline-item\">\n\t\t\t\t\t\t\t\t\t\t\t<span class=\"elementor-icon-list-icon\">\n\t\t\t\t\t\t\t<svg aria-hidden=\"true\" class=\"e-font-icon-svg e-fas-truck-moving\" viewBox=\"0 0 640 512\" xmlns=\"http:\/\/www.w3.org\/2000\/svg\"><path d=\"M621.3 237.3l-58.5-58.5c-12-12-28.3-18.7-45.3-18.7H480V64c0-17.7-14.3-32-32-32H32C14.3 32 0 46.3 0 64v336c0 44.2 35.8 80 80 80 26.3 0 49.4-12.9 64-32.4 14.6 19.6 37.7 32.4 64 32.4 44.2 0 80-35.8 80-80 0-5.5-.6-10.8-1.6-16h163.2c-1.1 5.2-1.6 10.5-1.6 16 0 44.2 35.8 80 80 80s80-35.8 80-80c0-5.5-.6-10.8-1.6-16H624c8.8 0 16-7.2 16-16v-85.5c0-17-6.7-33.2-18.7-45.2zM80 432c-17.6 0-32-14.4-32-32s14.4-32 32-32 32 14.4 32 32-14.4 32-32 32zm128 0c-17.6 0-32-14.4-32-32s14.4-32 32-32 32 14.4 32 32-14.4 32-32 32zm272-224h37.5c4.3 0 8.3 1.7 11.3 4.7l43.3 43.3H480v-48zm48 224c-17.6 0-32-14.4-32-32s14.4-32 32-32 32 14.4 32 32-14.4 32-32 32z\"><\/path><\/svg>\t\t\t\t\t\t<\/span>\n\t\t\t\t\t\t\t\t\t\t<span class=\"elementor-icon-list-text\">Frota<\/span>\n\t\t\t\t\t\t\t\t\t<\/li>\n\t\t\t\t\t\t<\/ul>\n\t\t\t\t\t\t<\/div>\n\t\t\t\t<\/div>\n\t\t\t\t<div class=\"elementor-element elementor-element-83ae2b1 elementor-widget elementor-widget-text-editor\" data-id=\"83ae2b1\" data-element_type=\"widget\" data-widget_type=\"text-editor.default\">\n\t\t\t\t<div class=\"elementor-widget-container\">\n\t\t\t\t\t\t\t\t\t<p><span style=\"white-space-collapse: preserve;\">A empresa possui sistema de pronta-entrega, desenvolvido para atender todos os estabelecimentos comerciais, desde as micro-empresas at\u00e9 redes de hipermercados. A log\u00edstica \u00e9 realizada integralmente com frota pr\u00f3pria, composta por ve\u00edculos novos e refrigerados, que contam com a mais alta tecnologia para transporte de perec\u00edveis.<br \/><\/span><\/p>\t\t\t\t\t\t\t\t<\/div>\n\t\t\t\t<\/div>\n\t\t\t\t<\/div>\n\t\t<div class=\"elementor-element elementor-element-767a1f2 e-con-full e-flex e-con e-child\" data-id=\"767a1f2\" data-element_type=\"container\">\n\t\t\t\t<div class=\"elementor-element elementor-element-7fc57cc elementor-widget elementor-widget-image\" data-id=\"7fc57cc\" data-element_type=\"widget\" data-widget_type=\"image.default\">\n\t\t\t\t<div class=\"elementor-widget-container\">\n\t\t\t\t\t\t\t\t\t\t\t\t\t\t\t<img loading=\"lazy\" decoding=\"async\" width=\"755\" height=\"443\" src=\"https:\/\/marsala.com.br\/wp-content\/uploads\/2025\/05\/image-14.png\" class=\"attachment-large size-large wp-image-146\" alt=\"\" srcset=\"https:\/\/marsala.com.br\/wp-content\/uploads\/2025\/05\/image-14.png 755w, https:\/\/marsala.com.br\/wp-content\/uploads\/2025\/05\/image-14-300x176.png 300w\" sizes=\"(max-width: 755px) 100vw, 755px\" \/>\t\t\t\t\t\t\t\t\t\t\t\t\t\t\t<\/div>\n\t\t\t\t<\/div>\n\t\t\t\t<\/div>\n\t\t\t\t\t<\/div>\n\t\t\t\t<\/div>\n\t\t<div class=\"elementor-element elementor-element-04ff665 e-flex e-con-boxed e-con e-parent\" data-id=\"04ff665\" data-element_type=\"container\">\n\t\t\t\t\t<div class=\"e-con-inner\">\n\t\t<div class=\"elementor-element elementor-element-7cf4fc1 e-con-full e-flex e-con e-child\" data-id=\"7cf4fc1\" data-element_type=\"container\">\n\t\t<div class=\"elementor-element elementor-element-37f93a9 e-con-full e-flex e-con e-child\" data-id=\"37f93a9\" data-element_type=\"container\">\n\t\t\t\t<div class=\"elementor-element elementor-element-c6a4b91 elementor-view-default elementor-widget elementor-widget-icon\" data-id=\"c6a4b91\" data-element_type=\"widget\" data-widget_type=\"icon.default\">\n\t\t\t\t<div class=\"elementor-widget-container\">\n\t\t\t\t\t\t\t<div class=\"elementor-icon-wrapper\">\n\t\t\t<a class=\"elementor-icon\" href=\"https:\/\/www.facebook.com\/MarsalaAlimentos\">\n\t\t\t<svg aria-hidden=\"true\" class=\"e-font-icon-svg e-fab-facebook\" viewBox=\"0 0 512 512\" xmlns=\"http:\/\/www.w3.org\/2000\/svg\"><path d=\"M504 256C504 119 393 8 256 8S8 119 8 256c0 123.78 90.69 226.38 209.25 245V327.69h-63V256h63v-54.64c0-62.15 37-96.48 93.67-96.48 27.14 0 55.52 4.84 55.52 4.84v61h-31.28c-30.8 0-40.41 19.12-40.41 38.73V256h68.78l-11 71.69h-57.78V501C413.31 482.38 504 379.78 504 256z\"><\/path><\/svg>\t\t\t<\/a>\n\t\t<\/div>\n\t\t\t\t\t\t<\/div>\n\t\t\t\t<\/div>\n\t\t\t\t<div class=\"elementor-element elementor-element-f809ac1 elementor-widget__width-initial elementor-view-default elementor-widget elementor-widget-icon\" data-id=\"f809ac1\" data-element_type=\"widget\" data-widget_type=\"icon.default\">\n\t\t\t\t<div class=\"elementor-widget-container\">\n\t\t\t\t\t\t\t<div class=\"elementor-icon-wrapper\">\n\t\t\t<a class=\"elementor-icon\" href=\"https:\/\/www.instagram.com\/marsalaalimentos\/\">\n\t\t\t<svg aria-hidden=\"true\" class=\"e-font-icon-svg e-fab-instagram\" viewBox=\"0 0 448 512\" xmlns=\"http:\/\/www.w3.org\/2000\/svg\"><path d=\"M224.1 141c-63.6 0-114.9 51.3-114.9 114.9s51.3 114.9 114.9 114.9S339 319.5 339 255.9 287.7 141 224.1 141zm0 189.6c-41.1 0-74.7-33.5-74.7-74.7s33.5-74.7 74.7-74.7 74.7 33.5 74.7 74.7-33.6 74.7-74.7 74.7zm146.4-194.3c0 14.9-12 26.8-26.8 26.8-14.9 0-26.8-12-26.8-26.8s12-26.8 26.8-26.8 26.8 12 26.8 26.8zm76.1 27.2c-1.7-35.9-9.9-67.7-36.2-93.9-26.2-26.2-58-34.4-93.9-36.2-37-2.1-147.9-2.1-184.9 0-35.8 1.7-67.6 9.9-93.9 36.1s-34.4 58-36.2 93.9c-2.1 37-2.1 147.9 0 184.9 1.7 35.9 9.9 67.7 36.2 93.9s58 34.4 93.9 36.2c37 2.1 147.9 2.1 184.9 0 35.9-1.7 67.7-9.9 93.9-36.2 26.2-26.2 34.4-58 36.2-93.9 2.1-37 2.1-147.8 0-184.8zM398.8 388c-7.8 19.6-22.9 34.7-42.6 42.6-29.5 11.7-99.5 9-132.1 9s-102.7 2.6-132.1-9c-19.6-7.8-34.7-22.9-42.6-42.6-11.7-29.5-9-99.5-9-132.1s-2.6-102.7 9-132.1c7.8-19.6 22.9-34.7 42.6-42.6 29.5-11.7 99.5-9 132.1-9s102.7-2.6 132.1 9c19.6 7.8 34.7 22.9 42.6 42.6 11.7 29.5 9 99.5 9 132.1s2.7 102.7-9 132.1z\"><\/path><\/svg>\t\t\t<\/a>\n\t\t<\/div>\n\t\t\t\t\t\t<\/div>\n\t\t\t\t<\/div>\n\t\t\t\t<\/div>\n\t\t<div class=\"elementor-element elementor-element-6ac26aa e-con-full e-flex e-con e-child\" data-id=\"6ac26aa\" data-element_type=\"container\">\n\t\t\t\t<div class=\"elementor-element elementor-element-9a90041 elementor-widget__width-inherit elementor-widget elementor-widget-text-editor\" data-id=\"9a90041\" data-element_type=\"widget\" data-widget_type=\"text-editor.default\">\n\t\t\t\t<div class=\"elementor-widget-container\">\n\t\t\t\t\t\t\t\t\t<p><b>Endere\u00e7o:<\/b> Rua Nutrella, 557<br><b>Telefone:<\/b> (51) 3497.2394<br><b>E-mail:<\/b> contato@marsala.com.br<\/p>\t\t\t\t\t\t\t\t<\/div>\n\t\t\t\t<\/div>\n\t\t\t\t<\/div>\n\t\t\t\t<\/div>\n\t\t\t\t\t<\/div>\n\t\t\t\t<\/div>\n\t\t<div class=\"elementor-element elementor-element-512e0b0 e-con-full e-flex e-con e-parent\" data-id=\"512e0b0\" data-element_type=\"container\" data-settings=\"{&quot;background_background&quot;:&quot;classic&quot;}\">\n\t\t\t\t<div class=\"elementor-element elementor-element-c687e9a elementor-widget elementor-widget-text-editor\" data-id=\"c687e9a\" data-element_type=\"widget\" data-widget_type=\"text-editor.default\">\n\t\t\t\t<div class=\"elementor-widget-container\">\n\t\t\t\t\t\t\t\t\t<p>\u00a9 2025 Marsala. Todos os direitos reservados<\/p>\t\t\t\t\t\t\t\t<\/div>\n\t\t\t\t<\/div>\n\t\t\t\t<\/div>\n\t\t\t\t<\/div>\n\t\t","protected":false},"excerpt":{"rendered":"<p>In\u00edcio Sobre Produtos Contato Transpar\u00eancia PT EN O Sabor de Cada Dia A Marsala iniciou suas atividades em 10 de julho de 1997, no munic\u00edpio de Cachoeirinha, no estado do Rio Grande do Sul. Anos depois, a empresa transferiu sua sede para Gravata\u00ed, onde encontra-se situada atualmente. H\u00e1 20 anos, atua no seguimento aliment\u00edcio, produzindo [&hellip;]<\/p>\n","protected":false},"author":1,"featured_media":0,"parent":12,"menu_order":0,"comment_status":"closed","ping_status":"closed","template":"elementor_canvas","meta":{"footnotes":""},"class_list":["post-118","page","type-page","status-publish","hentry"],"_links":{"self":[{"href":"https:\/\/marsala.com.br\/index.php\/wp-json\/wp\/v2\/pages\/118","targetHints":{"allow":["GET"]}}],"collection":[{"href":"https:\/\/marsala.com.br\/index.php\/wp-json\/wp\/v2\/pages"}],"about":[{"href":"https:\/\/marsala.com.br\/index.php\/wp-json\/wp\/v2\/types\/page"}],"author":[{"embeddable":true,"href":"https:\/\/marsala.com.br\/index.php\/wp-json\/wp\/v2\/users\/1"}],"replies":[{"embeddable":true,"href":"https:\/\/marsala.com.br\/index.php\/wp-json\/wp\/v2\/comments?post=118"}],"version-history":[{"count":9,"href":"https:\/\/marsala.com.br\/index.php\/wp-json\/wp\/v2\/pages\/118\/revisions"}],"predecessor-version":[{"id":645,"href":"https:\/\/marsala.com.br\/index.php\/wp-json\/wp\/v2\/pages\/118\/revisions\/645"}],"up":[{"embeddable":true,"href":"https:\/\/marsala.com.br\/index.php\/wp-json\/wp\/v2\/pages\/12"}],"wp:attachment":[{"href":"https:\/\/marsala.com.br\/index.php\/wp-json\/wp\/v2\/media?parent=118"}],"curies":[{"name":"wp","href":"https:\/\/api.w.org\/{rel}","templated":true}]}}